[INFO] cloning repository https://github.com/xwb1989/rust-ioredirect
[INFO] running `Command { std: "git" "-c" "credential.helper=" "-c" "credential.helper=/workspace/cargo-home/bin/git-credential-null" "clone" "--bare" "https://github.com/xwb1989/rust-ioredirect" "/workspace/cache/git-repos/https%3A%2F%2Fgithub.com%2Fxwb1989%2Frust-ioredirect", kill_on_drop: false }`
[INFO] [stderr] Cloning into bare repository '/workspace/cache/git-repos/https%3A%2F%2Fgithub.com%2Fxwb1989%2Frust-ioredirect'...
[INFO] running `Command { std: "git" "rev-parse" "HEAD", kill_on_drop: false }`
[INFO] [stdout] 3661414d28e5023390102b6e4dc7819ab7726022
[INFO] checking xwb1989/rust-ioredirect against try#72f88fc4e9458f89516a0b8b0868f3718aec5b47 for pr-74989
[INFO] running `Command { std: "git" "clone" "/workspace/cache/git-repos/https%3A%2F%2Fgithub.com%2Fxwb1989%2Frust-ioredirect" "/workspace/builds/worker-5/source", kill_on_drop: false }`
[INFO] [stderr] Cloning into '/workspace/builds/worker-5/source'...
[INFO] [stderr] done.
[INFO] validating manifest of git repo https://github.com/xwb1989/rust-ioredirect on toolchain 72f88fc4e9458f89516a0b8b0868f3718aec5b47
[INFO] running `Command { std: "/workspace/cargo-home/bin/cargo" "+72f88fc4e9458f89516a0b8b0868f3718aec5b47" "read-manifest" "--manifest-path" "Cargo.toml", kill_on_drop: false }`
[INFO] started tweaking git repo https://github.com/xwb1989/rust-ioredirect
[INFO] finished tweaking git repo https://github.com/xwb1989/rust-ioredirect
[INFO] tweaked toml for git repo https://github.com/xwb1989/rust-ioredirect written to /workspace/builds/worker-5/source/Cargo.toml
[INFO] crate git repo https://github.com/xwb1989/rust-ioredirect already has a lockfile, it will not be regenerated
[INFO] running `Command { std: "/workspace/cargo-home/bin/cargo" "+72f88fc4e9458f89516a0b8b0868f3718aec5b47" "fetch" "--locked" "--manifest-path" "Cargo.toml", kill_on_drop: false }`
[INFO] running `Command { std: "docker" "create" "-v" "/var/lib/crater-agent-workspace/builds/worker-5/target:/opt/rustwide/target:rw,Z" "-v" "/var/lib/crater-agent-workspace/builds/worker-5/source:/opt/rustwide/workdir:ro,Z" "-v" "/var/lib/crater-agent-workspace/cargo-home:/opt/rustwide/cargo-home:ro,Z" "-v" "/var/lib/crater-agent-workspace/rustup-home:/opt/rustwide/rustup-home:ro,Z" "-e" "SOURCE_DIR=/opt/rustwide/workdir" "-e" "CARGO_TARGET_DIR=/opt/rustwide/target" "-e" "CARGO_HOME=/opt/rustwide/cargo-home" "-e" "RUSTUP_HOME=/opt/rustwide/rustup-home" "-w" "/opt/rustwide/workdir" "-m" "1610612736" "--user" "0:0" "--network" "none" "rustops/crates-build-env@sha256:d92eaeed33fa75130ca1ee6c8a01d1ffb62bac859dfdfb3450e3e5d1c0146529" "/opt/rustwide/cargo-home/bin/cargo" "+72f88fc4e9458f89516a0b8b0868f3718aec5b47" "metadata" "--no-deps" "--format-version=1", kill_on_drop: false }`
[INFO] [stdout] 1b65564f47a1703e545aa1ff6e6d1ff9fc53f0161603951d31dad83fc8a595ca
[INFO] [stderr] WARNING: Your kernel does not support swap limit capabilities or the cgroup is not mounted. Memory limited without swap.
[INFO] running `Command { std: "docker" "start" "-a" "1b65564f47a1703e545aa1ff6e6d1ff9fc53f0161603951d31dad83fc8a595ca", kill_on_drop: false }`
[INFO] running `Command { std: "docker" "inspect" "1b65564f47a1703e545aa1ff6e6d1ff9fc53f0161603951d31dad83fc8a595ca", kill_on_drop: false }`
[INFO] running `Command { std: "docker" "rm" "-f" "1b65564f47a1703e545aa1ff6e6d1ff9fc53f0161603951d31dad83fc8a595ca", kill_on_drop: false }`
[INFO] [stdout] 1b65564f47a1703e545aa1ff6e6d1ff9fc53f0161603951d31dad83fc8a595ca
[INFO] running `Command { std: "docker" "create" "-v" "/var/lib/crater-agent-workspace/builds/worker-5/target:/opt/rustwide/target:rw,Z" "-v" "/var/lib/crater-agent-workspace/builds/worker-5/source:/opt/rustwide/workdir:ro,Z" "-v" "/var/lib/crater-agent-workspace/cargo-home:/opt/rustwide/cargo-home:ro,Z" "-v" "/var/lib/crater-agent-workspace/rustup-home:/opt/rustwide/rustup-home:ro,Z" "-e" "SOURCE_DIR=/opt/rustwide/workdir" "-e" "CARGO_TARGET_DIR=/opt/rustwide/target" "-e" "CARGO_INCREMENTAL=0" "-e" "RUST_BACKTRACE=full" "-e" "RUSTFLAGS=--cap-lints=forbid" "-e" "CARGO_HOME=/opt/rustwide/cargo-home" "-e" "RUSTUP_HOME=/opt/rustwide/rustup-home" "-w" "/opt/rustwide/workdir" "-m" "1610612736" "--user" "0:0" "--network" "none" "rustops/crates-build-env@sha256:d92eaeed33fa75130ca1ee6c8a01d1ffb62bac859dfdfb3450e3e5d1c0146529" "/opt/rustwide/cargo-home/bin/cargo" "+72f88fc4e9458f89516a0b8b0868f3718aec5b47" "check" "--frozen" "--all" "--all-targets" "--message-format=json", kill_on_drop: false }`
[INFO] [stdout] 4bcabe56c37bef056be911a5eba9f9ebde93ee25e67db96b7ea11f427d2f7282
[INFO] [stderr] WARNING: Your kernel does not support swap limit capabilities or the cgroup is not mounted. Memory limited without swap.
[INFO] running `Command { std: "docker" "start" "-a" "4bcabe56c37bef056be911a5eba9f9ebde93ee25e67db96b7ea11f427d2f7282", kill_on_drop: false }`
[INFO] [stderr]     Checking ioredirect v0.0.1 (/opt/rustwide/workdir)
[INFO] [stdout] error[E0425]: cannot find function `scoped` in module `thread`
[INFO] [stdout]   --> src/main.rs:46:13
[INFO] [stdout]    |
[INFO] [stdout] 46 |     thread::scoped(move||{
[INFO] [stdout]    |             ^^^^^^ not found in `thread`
[INFO] [stdout] 
[INFO] [stdout] 
[INFO] [stdout] warning: unused imports: `Receiver`, `Sender`
[INFO] [stdout]  --> src/main.rs:4:32
[INFO] [stdout]   |
[INFO] [stdout] 4 | use std::sync::mpsc::{channel, Sender, Receiver};
[INFO] [stdout]   |                                ^^^^^^  ^^^^^^^^
[INFO] [stdout]   |
[INFO] [stdout]   = note: `#[warn(unused_imports)]` on by default
[INFO] [stdout] 
[INFO] [stdout] 
[INFO] [stdout] error[E0425]: cannot find function `scoped` in module `thread`
[INFO] [stdout]   --> src/main.rs:46:13
[INFO] [stdout]    |
[INFO] [stdout] 46 |     thread::scoped(move||{
[INFO] [stdout]    |             ^^^^^^ not found in `thread`
[INFO] [stdout] 
[INFO] [stdout] 
[INFO] [stdout] warning: unused imports: `Receiver`, `Sender`
[INFO] [stdout]  --> src/main.rs:4:32
[INFO] [stdout]   |
[INFO] [stdout] 4 | use std::sync::mpsc::{channel, Sender, Receiver};
[INFO] [stdout]   |                                ^^^^^^  ^^^^^^^^
[INFO] [stdout]   |
[INFO] [stdout]   = note: `#[warn(unused_imports)]` on by default
[INFO] [stdout] 
[INFO] [stdout] 
[INFO] [stdout] error[E0599]: no function or associated item named `capture` found for struct `Stdio` in the current scope
[INFO] [stdout]   --> src/main.rs:20:27
[INFO] [stdout]    |
[INFO] [stdout] 20 |             .stdin(Stdio::capture())
[INFO] [stdout]    |                           ^^^^^^^ function or associated item not found in `Stdio`
[INFO] [stdout] 
[INFO] [stdout] 
[INFO] [stdout] error[E0599]: no function or associated item named `capture` found for struct `Stdio` in the current scope
[INFO] [stdout]   --> src/main.rs:21:28
[INFO] [stdout]    |
[INFO] [stdout] 21 |             .stdout(Stdio::capture())
[INFO] [stdout]    |                            ^^^^^^^ function or associated item not found in `Stdio`
[INFO] [stdout] 
[INFO] [stdout] 
[INFO] [stdout] error[E0599]: no function or associated item named `capture` found for struct `Stdio` in the current scope
[INFO] [stdout]   --> src/main.rs:48:27
[INFO] [stdout]    |
[INFO] [stdout] 48 |             .stdin(Stdio::capture())
[INFO] [stdout]    |                           ^^^^^^^ function or associated item not found in `Stdio`
[INFO] [stdout] 
[INFO] [stdout] 
[INFO] [stdout] error: aborting due to 4 previous errors; 1 warning emitted
[INFO] [stdout] 
[INFO] [stdout] 
[INFO] [stdout] Some errors have detailed explanations: E0425, E0599.
[INFO] [stdout] 
[INFO] [stdout] For more information about an error, try `rustc --explain E0425`.
[INFO] [stdout] 
[INFO] [stderr] error: could not compile `ioredirect`.
[INFO] [stderr] 
[INFO] [stderr] To learn more, run the command again with --verbose.
[INFO] [stderr] warning: build failed, waiting for other jobs to finish...
[INFO] [stdout] error[E0599]: no function or associated item named `capture` found for struct `Stdio` in the current scope
[INFO] [stdout]   --> src/main.rs:20:27
[INFO] [stdout]    |
[INFO] [stdout] 20 |             .stdin(Stdio::capture())
[INFO] [stdout]    |                           ^^^^^^^ function or associated item not found in `Stdio`
[INFO] [stdout] 
[INFO] [stdout] 
[INFO] [stdout] error[E0599]: no function or associated item named `capture` found for struct `Stdio` in the current scope
[INFO] [stdout]   --> src/main.rs:21:28
[INFO] [stdout]    |
[INFO] [stdout] 21 |             .stdout(Stdio::capture())
[INFO] [stdout]    |                            ^^^^^^^ function or associated item not found in `Stdio`
[INFO] [stdout] 
[INFO] [stdout] 
[INFO] [stdout] error[E0599]: no function or associated item named `capture` found for struct `Stdio` in the current scope
[INFO] [stdout]   --> src/main.rs:48:27
[INFO] [stdout]    |
[INFO] [stdout] 48 |             .stdin(Stdio::capture())
[INFO] [stdout]    |                           ^^^^^^^ function or associated item not found in `Stdio`
[INFO] [stdout] 
[INFO] [stdout] 
[INFO] [stdout] error: aborting due to 4 previous errors; 1 warning emitted
[INFO] [stdout] 
[INFO] [stdout] 
[INFO] [stdout] Some errors have detailed explanations: E0425, E0599.
[INFO] [stdout] 
[INFO] [stdout] For more information about an error, try `rustc --explain E0425`.
[INFO] [stdout] 
[INFO] [stderr] error: build failed
[INFO] running `Command { std: "docker" "inspect" "4bcabe56c37bef056be911a5eba9f9ebde93ee25e67db96b7ea11f427d2f7282", kill_on_drop: false }`
[INFO] running `Command { std: "docker" "rm" "-f" "4bcabe56c37bef056be911a5eba9f9ebde93ee25e67db96b7ea11f427d2f7282", kill_on_drop: false }`
[INFO] [stdout] 4bcabe56c37bef056be911a5eba9f9ebde93ee25e67db96b7ea11f427d2f7282
